{"id":3433,"date":"2025-08-18T14:53:00","date_gmt":"2025-08-18T12:53:00","guid":{"rendered":"https:\/\/www.polsole.com\/?page_id=3433"},"modified":"2026-04-21T15:18:34","modified_gmt":"2026-04-21T13:18:34","slug":"about-me","status":"publish","type":"page","link":"https:\/\/www.polsole.com\/en\/about-me\/","title":{"rendered":"About me"},"content":{"rendered":"\t\t<div data-elementor-type=\"wp-page\" data-elementor-id=\"3433\" class=\"elementor elementor-3433 elementor-2345\">\n\t\t\t\t<div class=\"elementor-element elementor-element-e00a7ca e-flex e-con-boxed e-con e-parent\" data-id=\"e00a7ca\" data-element_type=\"container\" data-e-type=\"container\">\n\t\t\t\t\t<div class=\"e-con-inner\">\n\t\t\t\t<div class=\"elementor-element elementor-element-5231afb elementor-widget elementor-widget-heading\" data-id=\"5231afb\" data-element_type=\"widget\" data-e-type=\"widget\" data-widget_type=\"heading.default\">\n\t\t\t\t\t<h1 id=\"pol-sole-fotograf-i-videograf-a-catalunya\" class=\"elementor-heading-title elementor-size-default\">Pol Sol\u00e9 \u2014 fot\u00f2graf i vide\u00f2graf a Catalunya<\/h1>\t\t\t\t<\/div>\n\t\t\t\t\t<\/div>\n\t\t\t\t<\/div>\n\t\t<div class=\"elementor-element elementor-element-3091688 e-flex e-con-boxed e-con e-parent\" data-id=\"3091688\" data-element_type=\"container\" data-e-type=\"container\">\n\t\t\t\t\t<div class=\"e-con-inner\">\n\t\t<div class=\"elementor-element elementor-element-e55d868 e-con-full e-transform e-flex e-con e-child\" data-id=\"e55d868\" data-element_type=\"container\" data-e-type=\"container\" data-settings=\"{&quot;_transform_translateY_effect&quot;:{&quot;unit&quot;:&quot;px&quot;,&quot;size&quot;:12,&quot;sizes&quot;:[]},&quot;_transform_translateX_effect&quot;:{&quot;unit&quot;:&quot;px&quot;,&quot;size&quot;:&quot;&quot;,&quot;sizes&quot;:[]},&quot;_transform_translateX_effect_tablet&quot;:{&quot;unit&quot;:&quot;px&quot;,&quot;size&quot;:&quot;&quot;,&quot;sizes&quot;:[]},&quot;_transform_translateX_effect_mobile&quot;:{&quot;unit&quot;:&quot;px&quot;,&quot;size&quot;:&quot;&quot;,&quot;sizes&quot;:[]},&quot;_transform_translateY_effect_tablet&quot;:{&quot;unit&quot;:&quot;px&quot;,&quot;size&quot;:&quot;&quot;,&quot;sizes&quot;:[]},&quot;_transform_translateY_effect_mobile&quot;:{&quot;unit&quot;:&quot;px&quot;,&quot;size&quot;:&quot;&quot;,&quot;sizes&quot;:[]}}\">\n\t\t\t\t<div class=\"elementor-element elementor-element-e43dfbd elementor-widget__width-inherit elementor-widget elementor-widget-text-editor\" data-id=\"e43dfbd\" data-element_type=\"widget\" data-e-type=\"widget\" data-widget_type=\"text-editor.default\">\n\t\t\t\t\t\t\t\t\t<p data-start=\"370\" data-end=\"541\">I\u2019m <strong data-start=\"374\" data-end=\"386\">Pol Sol\u00e9<\/strong>, a photographer and filmmaker specialising in the creation of visual content for brands, institutions, cultural projects, sports and outdoor environments.<\/p><p data-start=\"546\" data-end=\"734\">My work combines photography and film with a strong visual approach and attention to creative direction, aiming to create imagery with a clear identity and consistency across each project.<\/p><p data-start=\"739\" data-end=\"1013\">Over the years, I\u2019ve developed projects across different fields, including <b>commercial work, performing arts, sport and documentary,<\/b> collaborating with brands, companies, institutions and creators who need to communicate their projects through compelling visual storytelling.<\/p><p data-start=\"1018\" data-end=\"1219\">As a freelance filmmaker and photographer, I adapt to the needs of each project, understanding its context and objectives to create visual pieces that add value and communicate each story with clarity.<\/p><p>\n\n\n\n<\/p><p data-start=\"1224\" data-end=\"1306\">I\u2019m based between <b>Barcelona and Girona, working across Europe and internationally.<\/b><\/p>\t\t\t\t\t\t\t\t<\/div>\n\t\t\t\t<\/div>\n\t\t<div class=\"elementor-element elementor-element-7f5e6dd e-con-full e-flex e-con e-child\" data-id=\"7f5e6dd\" data-element_type=\"container\" data-e-type=\"container\">\n\t\t\t\t<div class=\"elementor-element elementor-element-b01d4ce elementor-widget-tablet__width-inherit elementor-widget elementor-widget-image\" data-id=\"b01d4ce\" data-element_type=\"widget\" data-e-type=\"widget\" data-widget_type=\"image.default\">\n\t\t\t\t\t\t\t\t\t\t\t\t\t\t\t<img fetchpriority=\"high\" decoding=\"async\" width=\"1920\" height=\"1280\" src=\"https:\/\/www.polsole.com\/wp-content\/uploads\/2026\/02\/Pol-2.jpg\" class=\"attachment-full size-full wp-image-4038\" alt=\"Pol Sol\u00e9 fot\u00f2graf i vide\u00f2graf a Catalunya\" srcset=\"https:\/\/www.polsole.com\/wp-content\/uploads\/2026\/02\/Pol-2.jpg 1920w, https:\/\/www.polsole.com\/wp-content\/uploads\/2026\/02\/Pol-2-300x200.jpg 300w, https:\/\/www.polsole.com\/wp-content\/uploads\/2026\/02\/Pol-2-1024x683.jpg 1024w, https:\/\/www.polsole.com\/wp-content\/uploads\/2026\/02\/Pol-2-768x512.jpg 768w, https:\/\/www.polsole.com\/wp-content\/uploads\/2026\/02\/Pol-2-1536x1024.jpg 1536w, https:\/\/www.polsole.com\/wp-content\/uploads\/2026\/02\/Pol-2-200x133.jpg 200w, https:\/\/www.polsole.com\/wp-content\/uploads\/2026\/02\/Pol-2-380x253.jpg 380w, https:\/\/www.polsole.com\/wp-content\/uploads\/2026\/02\/Pol-2-580x387.jpg 580w, https:\/\/www.polsole.com\/wp-content\/uploads\/2026\/02\/Pol-2-1160x773.jpg 1160w\" sizes=\"(max-width: 1920px) 100vw, 1920px\" \/>\t\t\t\t\t\t\t\t\t\t\t\t\t\t\t<\/div>\n\t\t\t\t<\/div>\n\t\t\t\t\t<\/div>\n\t\t\t\t<\/div>\n\t\t<div class=\"elementor-element elementor-element-613fcb9 e-flex e-con-boxed e-con e-parent\" data-id=\"613fcb9\" data-element_type=\"container\" data-e-type=\"container\">\n\t\t\t\t\t<div class=\"e-con-inner\">\n\t\t\t\t<div class=\"elementor-element elementor-element-b5f53ab elementor-widget elementor-widget-video\" data-id=\"b5f53ab\" data-element_type=\"widget\" data-e-type=\"widget\" data-settings=\"{&quot;video_type&quot;:&quot;vimeo&quot;,&quot;mute&quot;:&quot;yes&quot;,&quot;loop&quot;:&quot;yes&quot;}\" data-widget_type=\"video.default\">\n\t\t\t\t\t\t\t<div class=\"elementor-wrapper elementor-open-inline\">\n\t\t\t<iframe class=\"elementor-video-iframe\" allowfullscreen allow=\"clipboard-write\" title=\"vimeo Video Player\" src=\"https:\/\/player.vimeo.com\/video\/1083188355?color&amp;autopause=0&amp;loop=1&amp;muted=1&amp;title=0&amp;portrait=1&amp;byline=0#t=\"><\/iframe>\t\t<\/div>\n\t\t\t\t\t\t<\/div>\n\t\t\t\t\t<\/div>\n\t\t\t\t<\/div>\n\t\t\t\t<\/div>\n\t\t","protected":false},"excerpt":{"rendered":"Pol Sol\u00e9 \u2014 fot\u00f2graf i vide\u00f2graf a Catalunya I\u2019m Pol Sol\u00e9, a photographer and filmmaker specialising in the&hellip;\n","protected":false},"author":1,"featured_media":0,"parent":0,"menu_order":0,"comment_status":"closed","ping_status":"closed","template":"elementor_header_footer","meta":{"csco_display_header_overlay":false,"csco_page_header_type":"","csco_page_load_nextpost":"","csco_post_video_location":[],"csco_post_video_location_hash":"","csco_post_video_url":"","csco_post_video_bg_start_time":0,"csco_post_video_bg_end_time":0,"footnotes":""},"class_list":{"0":"post-3433","1":"page","2":"type-page","3":"status-publish","5":"cs-entry","6":"cs-video-wrap"},"_links":{"self":[{"href":"https:\/\/www.polsole.com\/en\/wp-json\/wp\/v2\/pages\/3433","targetHints":{"allow":["GET"]}}],"collection":[{"href":"https:\/\/www.polsole.com\/en\/wp-json\/wp\/v2\/pages"}],"about":[{"href":"https:\/\/www.polsole.com\/en\/wp-json\/wp\/v2\/types\/page"}],"author":[{"embeddable":true,"href":"https:\/\/www.polsole.com\/en\/wp-json\/wp\/v2\/users\/1"}],"replies":[{"embeddable":true,"href":"https:\/\/www.polsole.com\/en\/wp-json\/wp\/v2\/comments?post=3433"}],"version-history":[{"count":44,"href":"https:\/\/www.polsole.com\/en\/wp-json\/wp\/v2\/pages\/3433\/revisions"}],"predecessor-version":[{"id":5542,"href":"https:\/\/www.polsole.com\/en\/wp-json\/wp\/v2\/pages\/3433\/revisions\/5542"}],"wp:attachment":[{"href":"https:\/\/www.polsole.com\/en\/wp-json\/wp\/v2\/media?parent=3433"}],"curies":[{"name":"wp","href":"https:\/\/api.w.org\/{rel}","templated":true}]}}

<div data-elementor-type="wp-page" data-elementor-id="3433" class="elementor elementor-3433 elementor-2345">
				<div class="elementor-element elementor-element-e00a7ca e-flex e-con-boxed e-con e-parent" data-id="e00a7ca" data-element_type="container" data-e-type="container">
					<div class="e-con-inner">
				<div class="elementor-element elementor-element-5231afb elementor-widget elementor-widget-heading" data-id="5231afb" data-element_type="widget" data-e-type="widget" data-widget_type="heading.default">
					<h1 id="pol-sole-fotograf-i-videograf-a-catalunya" class="elementor-heading-title elementor-size-default">Pol Solé — fotògraf i videògraf a Catalunya</h1>				</div>
					</div>
				</div>
		<div class="elementor-element elementor-element-3091688 e-flex e-con-boxed e-con e-parent" data-id="3091688" data-element_type="container" data-e-type="container">
					<div class="e-con-inner">
		<div class="elementor-element elementor-element-e55d868 e-con-full e-transform e-flex e-con e-child" data-id="e55d868" data-element_type="container" data-e-type="container" data-settings="{&quot;_transform_translateY_effect&quot;:{&quot;unit&quot;:&quot;px&quot;,&quot;size&quot;:12,&quot;sizes&quot;:[]},&quot;_transform_translateX_effect&quot;:{&quot;unit&quot;:&quot;px&quot;,&quot;size&quot;:&quot;&quot;,&quot;sizes&quot;:[]},&quot;_transform_translateX_effect_tablet&quot;:{&quot;unit&quot;:&quot;px&quot;,&quot;size&quot;:&quot;&quot;,&quot;sizes&quot;:[]},&quot;_transform_translateX_effect_mobile&quot;:{&quot;unit&quot;:&quot;px&quot;,&quot;size&quot;:&quot;&quot;,&quot;sizes&quot;:[]},&quot;_transform_translateY_effect_tablet&quot;:{&quot;unit&quot;:&quot;px&quot;,&quot;size&quot;:&quot;&quot;,&quot;sizes&quot;:[]},&quot;_transform_translateY_effect_mobile&quot;:{&quot;unit&quot;:&quot;px&quot;,&quot;size&quot;:&quot;&quot;,&quot;sizes&quot;:[]}}">
				<div class="elementor-element elementor-element-e43dfbd elementor-widget__width-inherit elementor-widget elementor-widget-text-editor" data-id="e43dfbd" data-element_type="widget" data-e-type="widget" data-widget_type="text-editor.default">
									<p data-start="370" data-end="541">I’m <strong data-start="374" data-end="386">Pol Solé</strong>, a photographer and filmmaker specialising in the creation of visual content for brands, institutions, cultural projects, sports and outdoor environments.</p><p data-start="546" data-end="734">My work combines photography and film with a strong visual approach and attention to creative direction, aiming to create imagery with a clear identity and consistency across each project.</p><p data-start="739" data-end="1013">Over the years, I’ve developed projects across different fields, including <b>commercial work, performing arts, sport and documentary,</b> collaborating with brands, companies, institutions and creators who need to communicate their projects through compelling visual storytelling.</p><p data-start="1018" data-end="1219">As a freelance filmmaker and photographer, I adapt to the needs of each project, understanding its context and objectives to create visual pieces that add value and communicate each story with clarity.</p><p>



</p><p data-start="1224" data-end="1306">I’m based between <b>Barcelona and Girona, working across Europe and internationally.</b></p>								</div>
				</div>
		<div class="elementor-element elementor-element-7f5e6dd e-con-full e-flex e-con e-child" data-id="7f5e6dd" data-element_type="container" data-e-type="container">
				<div class="elementor-element elementor-element-b01d4ce elementor-widget-tablet__width-inherit elementor-widget elementor-widget-image" data-id="b01d4ce" data-element_type="widget" data-e-type="widget" data-widget_type="image.default">
															<img fetchpriority="high" decoding="async" width="1920" height="1280" src="https://www.polsole.com/wp-content/uploads/2026/02/Pol-2.jpg" class="attachment-full size-full wp-image-4038" alt="Pol Solé fotògraf i videògraf a Catalunya" srcset="https://www.polsole.com/wp-content/uploads/2026/02/Pol-2.jpg 1920w, https://www.polsole.com/wp-content/uploads/2026/02/Pol-2-300x200.jpg 300w, https://www.polsole.com/wp-content/uploads/2026/02/Pol-2-1024x683.jpg 1024w, https://www.polsole.com/wp-content/uploads/2026/02/Pol-2-768x512.jpg 768w, https://www.polsole.com/wp-content/uploads/2026/02/Pol-2-1536x1024.jpg 1536w, https://www.polsole.com/wp-content/uploads/2026/02/Pol-2-200x133.jpg 200w, https://www.polsole.com/wp-content/uploads/2026/02/Pol-2-380x253.jpg 380w, https://www.polsole.com/wp-content/uploads/2026/02/Pol-2-580x387.jpg 580w, https://www.polsole.com/wp-content/uploads/2026/02/Pol-2-1160x773.jpg 1160w" sizes="(max-width: 1920px) 100vw, 1920px" />															</div>
				</div>
					</div>
				</div>
		<div class="elementor-element elementor-element-613fcb9 e-flex e-con-boxed e-con e-parent" data-id="613fcb9" data-element_type="container" data-e-type="container">
					<div class="e-con-inner">
				<div class="elementor-element elementor-element-b5f53ab elementor-widget elementor-widget-video" data-id="b5f53ab" data-element_type="widget" data-e-type="widget" data-settings="{&quot;video_type&quot;:&quot;vimeo&quot;,&quot;mute&quot;:&quot;yes&quot;,&quot;loop&quot;:&quot;yes&quot;}" data-widget_type="video.default">
							<div class="elementor-wrapper elementor-open-inline">
			<iframe class="elementor-video-iframe" allowfullscreen allow="clipboard-write" title="vimeo Video Player" src="https://player.vimeo.com/video/1083188355?color&amp;autopause=0&amp;loop=1&amp;muted=1&amp;title=0&amp;portrait=1&amp;byline=0#t="></iframe>		</div>
						</div>
					</div>
				</div>
				</div>

Pol Solé — fotògraf i videògraf a Catalunya I’m Pol Solé, a photographer and filmmaker specialising in the&hellip;
